5
What is the remainder when 19152 is divided by 206?
200
Calculate the remainder when 2219 is divided by 2193.
26
Calculate the remainder when 3268 is divided by 1439.
390
Calculate the remainder when 125267 is divided by 419.
405
What is the remainder when 17017 is divided by 170?
17
What is the remainder when 10228 is divided by 13?
10
Calculate the remainder when 144409 is divided by 1587.
1579
Calculate the remainder when 224067 is divided by 112022.
23
What is the remainder when 162869 is divided by 89?
88
Calculate the remainder when 14293 is divided by 415.
183
Calculate the remainder when 5658159 is divided by 6.
3
Calculate the remainder when 53070 is divided by 1612.
1486
What is the remainder when 23584 is divided by 332?
12
What is the remainder when 3611 is divided by 18?
11
What is the remainder when 1693 is divided by 94?
1
What is the remainder when 110718 is divided by 176?
14
Calculate the remainder when 484 is divided by 153.
25
What is the remainder when 2349 is divided by 389?
15
What is the remainder when 1339242 is divided by 70?
2
What is the remainder when 19844 is divided by 135?
134
What is the remainder when 1130 is divided by 178?
62
What is the remainder when 6509 is divided by 22?
19
What is the remainder when 7720 is divided by 19?
6
Calculate the remainder when 402142 is divided by 18279.
4
What is the remainder when 560 is divided by 134?
24
Calculate the remainder when 21928 is divided by 532.
116
What is the remainder when 2303 is divided by 2051?
252
What is the remainder when 2089 is divided by 272?
185
What is the remainder when 316799 is divided by 50?
49
What is the remainder when 35585 is divided by 315?
305
Calculate the remainder when 3282 is divided by 452.
118
What is the remainder when 90781 is divided by 21?
19
What is the remainder when 8400 is divided by 2671?
387
What is the remainder when 2416 is divided by 2383?
33
What is the remainder when 44626 is divided by 37?
4
Calculate the remainder when 4448 is divided by 725.
98
What is the remainder when 3880 is divided by 548?
44
What is the remainder when 10037 is divided by 72?
29
Calculate the remainder when 32349 is divided by 2488.
5
What is the remainder when 97601 is divided by 36?
5
What is the remainder when 21328 is divided by 85?
78
Calculate the remainder when 149244 is divided by 8.
4
What is the remainder when 5918 is divided by 430?
328
Calculate the remainder when 4624 is divided by 191.
40
Calculate the remainder when 64246 is divided by 16061.
2
Calculate the remainder when 873113 is divided by 33.
32
What is the remainder when 169062 is divided by 169055?
7
Calculate the remainder when 5355 is divided by 5289.
66
What is the remainder when 2902 is divided by 315?
67
What is the remainder when 591475 is divided by 19?
5
Calculate the remainder when 242180 is divided by 4569.
23
Calculate the remainder when 940 is divided by 428.
84
What is the remainder when 2652 is divided by 115?
7
Calculate the remainder when 487939 is divided by 5.
4
What is the remainder when 3544 is divided by 881?
20
Calculate the remainder when 12662 is divided by 833.
167
Calculate the remainder when 9622 is divided by 4808.
6
Calculate the remainder when 6826 is divided by 493.
417
Calculate the remainder when 261167 is divided by 245.
242
What is the remainder when 105883 is divided by 847?
8
Calculate the remainder when 48676 is divided by 133.
131
Calculate the remainder when 1468 is divided by 482.
22
What is the remainder when 110144 is divided by 2343?
23
What is the remainder when 151314 is divided by 156?
150
Calculate the remainder when 58250 is divided by 19.
15
What is the remainder when 11442 is divided by 2780?
322
What is the remainder when 54540 is divided by 28?
24
Calculate the remainder when 5020 is divided by 1619.
163
Calculate the remainder when 51168 is divided by 28.
12
What is the remainder when 50396 is divided by 7190?
66
Calculate the remainder when 36357 is divided by 6057.
15
What is the remainder when 8963 is divided by 66?
53
What is the remainder when 277584 is divided by 13?
8
Calculate the remainder when 59142 is divided by 170.
152
What is the remainder when 3576 is divided by 892?
8
What is the remainder when 17272 is divided by 8634?
4
What is the remainder when 61971 is divided by 6196?
11
What is the remainder when 42673 is divided by 14209?
46
Calculate the remainder when 2457 is divided by 134.
45
Calculate the remainder when 20158 is divided by 3356.
22
What is the remainder when 1869 is divided by 231?
21
What is the remainder when 17516 is divided by 240?
236
What is the remainder when 552 is divided by 21?
6
Calculate the remainder when 435660 is divided by 861.
855
What is the remainder when 186034 is divided by 74?
72
What is the remainder when 21366 is divided by 458?
298
What is the remainder when 8632 is divided by 69?
7
Calculate the remainder when 25457 is divided by 289.
25
Calculate the remainder when 28415 is divided by 450.
65
What is the remainder when 34669 is divided by 21?
19
Calculate the remainder when 37972 is divided by 188.
184
What is the remainder when 2347 is divided by 110?
37
What is the remainder when 45002 is divided by 59?
44
What is the remainder when 55678 is divided by 30?
28
Calculate the remainder when 3093 is divided by 955.
228
Calculate the remainder when 1946 is divided by 492.
470
Calculate the remainder when 3276 is divided by 41.
37
Calculate the remainder when 14993 is divided by 1152.
17
What is the remainder when 4430 is divided by 13?
10
Calculate the remainder when 45476 is divided by 1377.
35
Calculate the remainder when 9375 is divided by 21.
9
Calculate the remainder when 35680 is divided by 794.
744
Calculate the remainder when 15731 is divided by 197.
168
Calculate the remainder when 4650138 is divided by 11.
9
Calculate the remainder when 4335 is divided by 7.
2
Calculate the remainder when 80275 is divided by 244.
243
Calculate the remainder when 101511 is divided by 659.
25
What is the remainder when 105099 is divided by 1209?
1125
What is the remainder when 18183 is divided by 728?
711
Calculate the remainder when 29234 is divided by 1271.
1
What is the remainder when 25444 is divided by 95?
79
What is the remainder when 17346 is divided by 271?
2
Calculate the remainder when 554 is divided by 290.
264
What is the remainder when 480698 is divided by 115?
113
What is the remainder when 13069 is divided by 396?
1
Calculate the remainder when 315761 is divided by 35.
26
Calculate the remainder when 129980 is divided by 16.
12
Calculate the remainder when 566 is divided by 183.
17
What is the remainder when 494 is divided by 298?
196
Calculate the remainder when 27306 is divided by 155.
26
Calculate the remainder when 13002 is divided by 684.
6
What is the remainder when 173229 is divided by 9?
6
What is the remainder when 236024 is divided by 32?
24
What is the remainder when 53369 is divided by 9?
8
Calculate the remainder when 190898 is divided by 10.
8
What is the remainder when 104870 is divided by 34951?
17
What is the remainder when 108986 is divided by 108976?
10
Calculate the remainder when 5870 is divided by 143.
7
What is the remainder when 2297 is divided by 65?
22
What is the remainder when 55670 is divided by 54?
50
What is the remainder when 9829 is divided by 745?
144
Calculate the remainder when 600 is divided by 16.
8
What is the remainder when 9979 is divided by 132?
79
What is the remainder when 4603 is divided by 48?
43
Calculate the remainder when 2568 is divided by 838.
54
What is the remainder when 83287 is divided by 44?
39
What is the remainder when 66447 is divided by 284?
275
Calculate the remainder when 7228 is divided by 1018.
102
Calculate the remainder when 198494 is divided by 33082.
2
Calculate the remainder when 7833 is divided by 577.
332
What is the remainder when 11204 is divided by 149?
29
What is the remainder when 79266 is divided by 38?
36
What is the remainder when 979775 is divided by 72?
71
What is the remainder when 51269 is divided by 8533?
71
Calculate the remainder when 244184 is divided by 27.
23
What is the remainder when 132 is divided by 57?
18
What is the remainder when 697 is divided by 154?
81
What